{"id":316,"date":"2024-02-12T12:16:02","date_gmt":"2024-02-12T11:16:02","guid":{"rendered":"https:\/\/lukpol.com.pl\/?page_id=316"},"modified":"2024-02-12T12:16:02","modified_gmt":"2024-02-12T11:16:02","slug":"polityka-prywatnosci-2","status":"publish","type":"page","link":"https:\/\/lukpol.com.pl\/?page_id=316","title":{"rendered":"Polityka Prywatno\u015bci"},"content":{"rendered":"\n<div class=\"wp-block-columns is-layout-flex wp-container-core-columns-is-layout-9d6595d7 wp-block-columns-is-layout-flex\">\n<div class=\"wp-block-column is-layout-flow wp-block-column-is-layout-flow\">\n<p>Korzystaj\u0105c z&nbsp;naszej witryny internetowej&nbsp;powierzasz nam swoje&nbsp;dane. W ramach&nbsp;tego&nbsp;zdarza si\u0119 r\u00f3wnie\u017c, \u017ce informacje te&nbsp;powierzasz r\u00f3wnie\u017c naszym zaufanym partnerom czyli stronom trzecim, kt\u00f3re istniej\u0105 w&nbsp;naszym&nbsp;\u015brodowisku, z kt\u00f3rymi wsp\u00f3\u0142pracujemy bezpo\u015brednio lub po\u015brednio.<\/p>\n\n\n\n<p>Polityka prywatno\u015bci s\u0142u\u017cy jako pomoc w zrozumieniu, jakie dane zbieramy i w jakim celu oraz do czego je wykorzystujemy. Te informacje s\u0105 wa\u017cne, dlatego prosimy o dok\u0142adne zapoznanie si\u0119 z&nbsp;tym dokumentem.<\/p>\n\n\n\n<p><strong>Jakie dane przetwarzamy?<\/strong><\/p>\n\n\n\n<p>Przetwarzamy dane, kt\u00f3re podajesz lub pozostawiasz w ramach korzystania z sieci internetowej. S\u0105 to przede wszystkim dane, kt\u00f3re pozostawiasz w ramach poruszania si\u0119 po naszych Us\u0142ugach czyli mi\u0119dzy innymi te, kt\u00f3re pozostawiasz w tzw. plikach cookies. Przetwarzamy r\u00f3wnie\u017c dane, kt\u00f3re sam zamieszczasz w Us\u0142ugach udost\u0119pnianych Ci przez Nas w ramach tzw. \u201ehostingu\u201d. Zakres danych przetwarzanych u nas mo\u017ce si\u0119 r\u00f3\u017cni\u0107 \u2013 o informacje w tym zakresie zawsze mo\u017cesz zapyta\u0107 naszego Inspektora Ochrony Danych (dane kontaktowe poni\u017cej).<\/p>\n\n\n\n<p><strong>Kto jest administratorem danych?<\/strong><\/p>\n\n\n\n<p>Administratorami Twoich danych&nbsp;jest \u0141ukpol Sp.z.o.o., FAGUM-STOMIL Sp. z o.o.&nbsp;oraz inne sp\u00f3\u0142ki powi\u0105zane kapita\u0142owo i osobowo.<\/p>\n\n\n\n<p><strong>Inspektor ochrony danych oraz jego dane kontaktowe:<\/strong><\/p>\n\n\n\n<p>Wyznaczyli\u015bmy inspektora ochrony danych dla \u0141ukpol Sp.z.o.o. oraz FAGUM-STOMIL Sp. z o.o. Jest to osoba, z kt\u00f3r\u0105 mo\u017cna si\u0119&nbsp; kontaktowa\u0107 we wszystkich sprawach dotycz\u0105cych przetwarzania danych osobowych oraz korzystania z praw zwi\u0105zanych z tym przetwarzaniem. Je\u017celi chcesz skontaktowa\u0107 si\u0119 z Inspektorem ochrony danych skorzystaj z danych kontaktowych wskazanych poni\u017cej:<\/p>\n\n\n\n<figure class=\"wp-block-table\"><table><tbody><tr><td><strong>Adres korespondencyjny:<\/strong><\/td><td><strong>\u0141ukpol Sp.z.o.o, ul. \u0141apiguz 104, 21-400 \u0141uk\u00f3w<\/strong><\/td><\/tr><tr><td><strong>E-mail<\/strong><\/td><td><strong><a href=\"mailto:iod@fagum.pl\"><strong><\/strong><\/a><strong><a href=\"mailto:iod@fagum.pl\">iod@fagum.pl<\/a><\/strong><\/strong><\/td><\/tr><tr><td><strong>Adres korespondencyjny:<\/strong><\/td><td><strong>FAGUM-STOMIL Sp. z o.o., ul. \u0141apiguz 118, 21-400 \u0141uk\u00f3w<\/strong><\/td><\/tr><tr><td><strong>E-mail<\/strong><\/td><td><strong><a href=\"mailto:iod@fagum.pl\">iod@fagum.pl<\/a><\/strong><\/td><\/tr><\/tbody><\/table><\/figure>\n<\/div>\n<\/div>\n\n\n\n<h2 class=\"wp-block-heading\"><strong>Jakie s\u0105 cele oraz podstawy prawne przetwarzania Twoich danych osobowych i przez jaki okres b\u0119d\u0105 przetwarzane?<\/strong><\/h2>\n\n\n\n<p>Podstawy prawne przetwarzania Twoich danych w poszczeg\u00f3lnych celach s\u0105 nast\u0119puj\u0105ce:<\/p>\n\n\n\n<figure class=\"wp-block-table is-style-regular\"><table><tbody><tr><td>Cele przetwarzanie danych:<\/td><td>Podstawy prawne:<\/td><td>Okres przetwarzania:<\/td><\/tr><tr><td>pomiary statystyczne (dalej&nbsp;<strong>\u201estatystyka\u201d<\/strong>)<br>marketing produkt\u00f3w i us\u0142ug administratora (dalej r\u00f3wnie\u017c&nbsp;<strong>\u201emarketing w\u0142asny\u201d<\/strong>)<\/td><td>art. 6 ust. 1 lit. f) RODO \u2013 uzasadniony interes administratora.<\/td><td>do czasu zg\u0142oszenia skutecznego sprzeciwu<br><\/td><\/tr><\/tbody><\/table><\/figure>\n\n\n\n<h2 class=\"wp-block-heading\"><strong>Czy istnieje wym\u00f3g podania danych?<\/strong><\/h2>\n\n\n\n<p>Podanie danych osobowych jest dobrowolne.<\/p>\n\n\n\n<h2 class=\"wp-block-heading\"><strong>Do jakich odbiorc\u00f3w przekazywane b\u0119d\u0105 Twoje dane osobowe?<\/strong><\/h2>\n\n\n\n<p>Twoje dane mog\u0105 by\u0107 przekazywane podmiotom przetwarzaj\u0105cym dane osobowe na zlecenie administratora mi\u0119dzy innymi dostawcom us\u0142ug IT \u2013 przy czym takie podmioty przetwarzaj\u0105 dane na podstawie umowy z administratorem i wy\u0142\u0105cznie zgodnie z poleceniami administratora. Twoje dane mog\u0105 by\u0107 r\u00f3wnie\u017c przygotowane podmiotom uprawnionym do ich uzyskania na podstawie obowi\u0105zuj\u0105cego prawa np. organom \u015bcigania w razie zg\u0142oszenia przez organ \u017c\u0105dania na odpowiedniej podstawie prawnej (np. dla potrzeb tocz\u0105cego si\u0119 post\u0119powania karnego).<\/p>\n\n\n\n<h2 class=\"wp-block-heading\"><strong>Jakie s\u0105 Twoje prawa zwi\u0105zane z przetwarzaniem danych osobowych?<\/strong><\/h2>\n\n\n\n<p>Przys\u0142uguj\u0105 Ci nast\u0119puj\u0105ce prawa w zwi\u0105zku z przetwarzaniem przez Nas Twoich danych osobowych:<\/p>\n\n\n\n<ul class=\"wp-block-list\">\n<li>prawo dost\u0119pu do Twoich danych, w tym uzyskania kopii danych,<\/li>\n\n\n\n<li>prawo \u017c\u0105dania sprostowania danych<\/li>\n\n\n\n<li>prawo do usuni\u0119cia danych (w okre\u015blonych sytuacjach),<\/li>\n\n\n\n<li>prawo wniesienia skargi do organu nadzorczego zajmuj\u0105cego si\u0119 ochron\u0105 danych osobowych,<\/li>\n\n\n\n<li>prawo do ograniczenia przetwarzania danych.<\/li>\n<\/ul>\n\n\n\n<p>Je\u017celi Twoje dane s\u0105 przetwarzane na podstawie zgody mo\u017cesz dodatkowo skorzysta\u0107 z poni\u017cszych praw:<\/p>\n\n\n\n<ul class=\"wp-block-list\">\n<li>prawo do wycofania zgody w zakresie w jakim s\u0105 przetwarzane na tej podstawie. Wycofanie zgody nie ma wp\u0142ywu na zgodno\u015b\u0107 z prawem przetwarzania, kt\u00f3rego dokonano na podstawie zgody przed jej wycofaniem.<\/li>\n<\/ul>\n\n\n\n<p>W celu skorzystania z powy\u017cszych praw nale\u017cy skontaktowa\u0107 si\u0119 z administratorem lub z Inspektorem ochrony danych (dane powy\u017cej).<\/p>\n\n\n\n<h1 class=\"wp-block-heading\"><strong>Informacja o \u201ecookies\u201d<\/strong><\/h1>\n\n\n\n<h2 class=\"wp-block-heading\"><strong>Cookies i inne podobne technologie<\/strong><\/h2>\n\n\n\n<p>Podmiotem zamieszczaj\u0105cym informacje w formie plik\u00f3w cookies (tzw. ciasteczek) i innych podobnych technologii w urz\u0105dzeniu ko\u0144cowym U\u017cytkownika (np. komputerze, laptopie, smartfonie, Smart TV) oraz uzyskuj\u0105cym do nich dost\u0119p jest \u0141ukpol Sp.z.o.o, FAGUM-STOMIL Sp. z o.o.&nbsp;oraz sp\u00f3\u0142ki powi\u0105zane kapita\u0142owo b\u0105d\u017a personalnie a tak\u017ce Zaufani Partnerzy czyli np. podmioty wsp\u00f3\u0142pracuj\u0105ce w zakresie IT., m.in. partnerzy \u015bwiadcz\u0105cy us\u0142ugi analityczne, tw\u00f3rcy aplikacji.<\/p>\n\n\n\n<p>Pliki cookies stanowi\u0105 dane informatyczne, w szczeg\u00f3lno\u015bci pliki tekstowe, kt\u00f3re przechowywane s\u0105 w urz\u0105dzeniu ko\u0144cowym U\u017cytkownika serwis\u00f3w i aplikacji WPM. Cookies zazwyczaj zawieraj\u0105 nazw\u0119 domeny serwisu internetowego, z kt\u00f3rego pochodz\u0105, czas przechowywania ich na urz\u0105dzeniu ko\u0144cowym oraz unikalny numer. Pliki cookies nie s\u0142u\u017c\u0105 identyfikacji u\u017cytkownika i na ich podstawie nie jest ustalana to\u017csamo\u015b\u0107 u\u017cytkownika.<\/p>\n\n\n\n<p>Strona internetowa mo\u017ce umie\u015bci\u0107 plik cookie w przegl\u0105darce, je\u015bli przegl\u0105darka to umo\u017cliwia. Co wa\u017cne, przegl\u0105darka zezwala stronie internetowej na dost\u0119p jedynie do plik\u00f3w cookies umieszczonych przez t\u0119 stron\u0119, a nie do plik\u00f3w umieszczonych przez inne strony internetowe.<\/p>\n\n\n\n<h2 class=\"wp-block-heading\"><strong>Dlaczego z tego korzystamy?<\/strong><\/h2>\n\n\n\n<p>Korzystamy z plik\u00f3w cookies i innych podobnych technologii w celach:<\/p>\n\n\n\n<ul class=\"wp-block-list\">\n<li>\u015bwiadczenia us\u0142ug;<\/li>\n\n\n\n<li>dostosowywania zawarto\u015bci serwis\u00f3w i aplikacji do preferencji U\u017cytkownika oraz optymalizacji korzystania ze stron internetowych; np. pliki cookies pozwalaj\u0105 w szczeg\u00f3lno\u015bci rozpozna\u0107 urz\u0105dzenie U\u017cytkownika i odpowiednio wy\u015bwietli\u0107 stron\u0119 internetow\u0105 dostosowan\u0105 do jego indywidualnych potrzeb;<\/li>\n\n\n\n<li>tworzenia statystyk, kt\u00f3re pomagaj\u0105 zrozumie\u0107, w jaki spos\u00f3b U\u017cytkownicy korzystaj\u0105 ze strony www, co umo\u017cliwia ulepszanie jej struktury i zawarto\u015bci;<\/li>\n\n\n\n<li>utrzymania sesji U\u017cytkownika (po zalogowaniu), dzi\u0119ki czemu U\u017cytkownik nie musi na ka\u017cdej podstronie internetowej danego serwisu i aplikacji ponownie wpisywa\u0107 loginu i has\u0142a;<\/li>\n<\/ul>\n\n\n\n<h2 class=\"wp-block-heading\"><strong>Rodzaje plik\u00f3w cookies, kt\u00f3re wykorzystujemy<\/strong><\/h2>\n\n\n\n<p>Z uwagi na czas \u017cycia cookies i innych podobnych technologii, stosujemy dwa zasadnicze rodzaje tych plik\u00f3w:<\/p>\n\n\n\n<ul class=\"wp-block-list\">\n<li>sesyjne \u2013 pliki tymczasowe przechowywane w urz\u0105dzeniu ko\u0144cowym U\u017cytkownika do czasu wylogowania, opuszczenia strony internetowej i aplikacji lub wy\u0142\u0105czenia oprogramowania (przegl\u0105darki internetowej);<\/li>\n\n\n\n<li>sta\u0142e \u2013 przechowywane w urz\u0105dzeniu ko\u0144cowym U\u017cytkownika przez czas okre\u015blony w parametrach plik\u00f3w cookies lub do czasu ich usuni\u0119cia przez U\u017cytkownika.<\/li>\n<\/ul>\n\n\n\n<p>Ze wzgl\u0119du na cel, jakiemu s\u0142u\u017c\u0105 pliki cookies i inne podobne technologie, stosujemy ich nast\u0119puj\u0105ce rodzaje:<\/p>\n\n\n\n<ul class=\"wp-block-list\">\n<li>niezb\u0119dne do dzia\u0142ania us\u0142ugi i aplikacji- umo\u017cliwiaj\u0105ce korzystanie z naszych us\u0142ug, np. uwierzytelniaj\u0105ce pliki cookies wykorzystywane do us\u0142ug wymagaj\u0105cych uwierzytelniania;<\/li>\n\n\n\n<li>pliki s\u0142u\u017c\u0105ce do zapewnienia bezpiecze\u0144stwa, np. wykorzystywane do wykrywania nadu\u017cy\u0107 w zakresie uwierzytelniania<\/li>\n\n\n\n<li>wydajno\u015bciowe \u2013 umo\u017cliwiaj\u0105ce zbieranie informacji o sposobie korzystania ze stron internetowych i aplikacji;<\/li>\n\n\n\n<li>funkcjonalne \u2013 umo\u017cliwiaj\u0105ce \u201ezapami\u0119tanie\u201d wybranych przez U\u017cytkownika ustawie\u0144 i personalizacj\u0119 interfejsu U\u017cytkownika, np. w zakresie wybranego j\u0119zyka lub regionu, z kt\u00f3rego pochodzi U\u017cytkownik, rozmiaru czcionki, wygl\u0105du strony internetowej i aplikacji itp.;<\/li>\n\n\n\n<li>statystyczne \u2013 s\u0142u\u017c\u0105ce do zliczana statystyk dotycz\u0105cych stron internetowych i aplikacji.<\/li>\n<\/ul>\n\n\n\n<h2 class=\"wp-block-heading\"><strong>Zarz\u0105dzanie ustawieniami przegl\u0105darki<\/strong><\/h2>\n\n\n\n<p>W wielu przypadkach oprogramowanie s\u0142u\u017c\u0105ce do przegl\u0105dania stron internetowych (przegl\u0105darka internetowa) domy\u015blnie dopuszcza przechowywanie informacji w formie plik\u00f3w cookies i innych podobnych technologii w urz\u0105dzeniu ko\u0144cowym U\u017cytkownika. U\u017cytkownik mo\u017ce jednak w ka\u017cdym czasie dokona\u0107 zmiany tych ustawie\u0144. Niedokonanie zmian oznacza, \u017ce w\/w informacje mog\u0105 by\u0107 zamieszczane i przechowywane w jego urz\u0105dzeniu ko\u0144cowym, a tym samym \u017ce b\u0119dziemy przechowywa\u0107 informacje w urz\u0105dzeniu ko\u0144cowym u\u017cytkownika i uzyskiwa\u0107 dost\u0119p do tych informacji. Z poziomu przegl\u0105darki internetowej, z kt\u00f3rej U\u017cytkownik korzysta mo\u017cliwe jest np. samodzielne zarz\u0105dzanie plikami cookies. W najpopularniejszych przegl\u0105darkach istnieje m.in. mo\u017cliwo\u015b\u0107:<\/p>\n\n\n\n<ul class=\"wp-block-list\">\n<li>zaakceptowania obs\u0142ugi cookies, co pozwala U\u017cytkownikowi na pe\u0142ne korzystanie z opcji oferowanych przez witryny internetowe;<\/li>\n\n\n\n<li>zarz\u0105dzania plikami cookies na poziomie pojedynczych, wybranych przez U\u017cytkownika witryn;<\/li>\n\n\n\n<li>okre\u015blania ustawie\u0144 dla r\u00f3\u017cnych typ\u00f3w plik\u00f3w cookie, na przyk\u0142ad akceptowania plik\u00f3w sta\u0142ych jako sesyjnych itp.;<\/li>\n\n\n\n<li>blokowania lub usuwania cookies.<\/li>\n<\/ul>\n\n\n\n<h2 class=\"wp-block-heading\"><strong>Gdzie szuka\u0107 pomocy?<\/strong><\/h2>\n\n\n\n<p>Kompleksowe informacje dost\u0119pne s\u0105 w ustawieniach oprogramowania (przegl\u0105darki internetowej). Szczeg\u00f3\u0142y dla os\u00f3b korzystaj\u0105cych z poszczeg\u00f3lnych przegl\u0105darek internetowych, m.in.:<br><strong><a href=\"https:\/\/support.microsoft.com\/pl-pl\/help\/17442\/windows-internet-explorer-delete-manage-cookies\" target=\"_blank\" rel=\"noreferrer noopener\">Internet Explorer<\/a><\/strong><br><strong><a href=\"https:\/\/support.mozilla.org\/pl\/kb\/ciasteczka\" target=\"_blank\" rel=\"noreferrer noopener\">Mozilla Firefox<\/a><\/strong><br><strong><a href=\"https:\/\/support.google.com\/chrome\/answer\/95647?hl=pl\" target=\"_blank\" rel=\"noreferrer noopener\">Chrome<\/a><\/strong><br><strong><a href=\"http:\/\/help.opera.com\/Linux\/9.22\/pl\/cookies.html\" target=\"_blank\" rel=\"noreferrer noopener\">Opera<\/a><\/strong><br>Itp.<br>Informujemy, \u017ce ograniczenia b\u0105d\u017a wy\u0142\u0105czenia stosowania plik\u00f3w cookies i innych podobnych technologii mog\u0105 wp\u0142yn\u0105\u0107 na niekt\u00f3re funkcjonalno\u015bci dost\u0119pne w naszych serwisach.<\/p>\n\n\n\n<h2 class=\"wp-block-heading\"><strong>Informacje dodatkowe<\/strong><\/h2>\n\n\n\n<p>Dodatkowe informacje na temat plik\u00f3w cookies i innych technologii mo\u017cna znale\u017a\u0107 m.in. pod adresem&nbsp;<strong><a href=\"http:\/\/wszystkoociasteczkach.pl\/\" target=\"_blank\" rel=\"noreferrer noopener\">wszystkoociasteczkach.pl<\/a><\/strong>,&nbsp;<strong><a href=\"http:\/\/www.youronlinechoices.com\/pl\/\" target=\"_blank\" rel=\"noreferrer noopener\">youronlinechoices.com<\/a><\/strong>&nbsp;lub w sekcji Pomoc w menu przegl\u0105darki internetowej.<\/p>\n\n\n\n<h2 class=\"wp-block-heading\"><strong>Drobne, dobre rady<\/strong><\/h2>\n\n\n\n<p>U\u017cytkowniku, pami\u0119taj o tym, \u017ce:<\/p>\n\n\n\n<ul class=\"wp-block-list\">\n<li>gdy korzystasz z jednego komputera wsp\u00f3lnie z innymi u\u017cytkownikami, po zako\u0144czeniu korzystania koniecznie si\u0119 wyloguj, czyli \u201ewyjd\u017a\u201d ze swoich ustawie\u0144, aby nikt nie m\u00f3g\u0142 ich podejrze\u0107;<\/li>\n\n\n\n<li>dane podane przez Ciebie przy rejestracji znasz tylko Ty, \u0141ukpol Sp. z o.o. oraz FAGUM-STOMIL Sp. z o.o.&nbsp;.<br>Z naszej strony gwarantujemy, \u017ce nikomu nie zostan\u0105 ujawnione, Ty te\u017c zachowaj ostro\u017cno\u015b\u0107 w udost\u0119pnianiu ich osobom trzecim;<\/li>\n\n\n\n<li>zdarza si\u0119, \u017ce osoby korzystaj\u0105ce z Sieci chc\u0105 \u201ewyci\u0105gn\u0105\u0107\u201d od Ciebie informacje na Tw\u00f3j temat i u\u017cy\u0107 ich przeciwko Tobie b\u0105d\u017a innym osobom. Mog\u0105 to czyni\u0107 np. z ch\u0119ci zysku lub, w ich mniemaniu, dla dobrej zabawy. Zachowaj ostro\u017cno\u015b\u0107. Upewnij si\u0119, kim jest osoba, kt\u00f3ra pyta Ci\u0119 o dane osobowe, jak\u0105 reprezentuje instytucj\u0119. Pami\u0119taj, \u017ce to w\u0142a\u015bnie Ciebie chroni\u0105 stosowne regulacje prawne, w tym dotycz\u0105ce ochrony danych osobowych.<\/li>\n<\/ul>\n","protected":false},"excerpt":{"rendered":"<p>Korzystaj\u0105c z&nbsp;naszej witryny internetowej&nbsp;powierzasz nam swoje&nbsp;dane. W ramach&nbsp;tego&nbsp;zdarza si\u0119 r\u00f3wnie\u017c, \u017ce informacje te&nbsp;powierzasz r\u00f3wnie\u017c naszym zaufanym partnerom czyli stronom trzecim, kt\u00f3re istniej\u0105 w&nbsp;naszym&nbsp;\u015brodowisku, z kt\u00f3rymi wsp\u00f3\u0142pracujemy bezpo\u015brednio lub po\u015brednio. Polityka prywatno\u015bci s\u0142u\u017cy jako pomoc w zrozumieniu, jakie dane zbieramy i [&hellip;]<\/p>\n","protected":false},"author":1,"featured_media":0,"parent":0,"menu_order":0,"comment_status":"closed","ping_status":"closed","template":"","meta":{"footnotes":""},"class_list":["post-316","page","type-page","status-publish","hentry","clearfix"],"_links":{"self":[{"href":"https:\/\/lukpol.com.pl\/index.php?rest_route=\/wp\/v2\/pages\/316","targetHints":{"allow":["GET"]}}],"collection":[{"href":"https:\/\/lukpol.com.pl\/index.php?rest_route=\/wp\/v2\/pages"}],"about":[{"href":"https:\/\/lukpol.com.pl\/index.php?rest_route=\/wp\/v2\/types\/page"}],"author":[{"embeddable":true,"href":"https:\/\/lukpol.com.pl\/index.php?rest_route=\/wp\/v2\/users\/1"}],"replies":[{"embeddable":true,"href":"https:\/\/lukpol.com.pl\/index.php?rest_route=%2Fwp%2Fv2%2Fcomments&post=316"}],"version-history":[{"count":15,"href":"https:\/\/lukpol.com.pl\/index.php?rest_route=\/wp\/v2\/pages\/316\/revisions"}],"predecessor-version":[{"id":351,"href":"https:\/\/lukpol.com.pl\/index.php?rest_route=\/wp\/v2\/pages\/316\/revisions\/351"}],"wp:attachment":[{"href":"https:\/\/lukpol.com.pl\/index.php?rest_route=%2Fwp%2Fv2%2Fmedia&parent=316"}],"curies":[{"name":"wp","href":"https:\/\/api.w.org\/{rel}","templated":true}]}}