{"id":28,"date":"2022-06-27T13:24:06","date_gmt":"2022-06-27T11:24:06","guid":{"rendered":"https:\/\/lukpol.com.pl\/new_site\/?page_id=28"},"modified":"2023-10-31T15:51:48","modified_gmt":"2023-10-31T14:51:48","slug":"kontakt","status":"publish","type":"page","link":"https:\/\/lukpol.com.pl\/?page_id=28","title":{"rendered":"Kontakt"},"content":{"rendered":"\n<div class=\"wp-block-columns is-layout-flex wp-container-core-columns-is-layout-9d6595d7 wp-block-columns-is-layout-flex\">\n<div class=\"wp-block-column is-layout-flow wp-block-column-is-layout-flow\">\n<h2 class=\"wp-block-heading\">Przedsi\u0119biorstwo Produkcyjno Handlowe Us\u0142ugowe \u0141ukpol Sp. z o.o.<\/h2>\n\n\n\n<p>21-400 \u0141uk\u00f3w ul. \u0141apiguz 104<br>25 797 25 23<br><a href=\"mailto:sprzedaz@lukpol.com.pl\">sprzedaz@lukpol.com.pl<\/a><br>NIP: 825 000 40 26<\/p>\n\n\n\n<h2 class=\"wp-block-heading\">Lokalizacja magazynu<\/h2>\n\n\n\n<iframe src=\"https:\/\/www.google.com\/maps\/embed?pb=!1m18!1m12!1m3!1d2460.40479887159!2d22.339160351824205!3d51.92656957960652!2m3!1f0!2f0!3f0!3m2!1i1024!2i768!4f13.1!3m3!1m2!1s0x472201d2b332e651%3A0x9520f8247186050e!2zxYFhcGlndXogMTEySCwgMjEtNDAwIMWBdWvDs3c!5e0!3m2!1spl!2spl!4v1662018691577!5m2!1spl!2spl\" width=\"1200\" height=\"450\" style=\"border:0;\" allowfullscreen=\"\" loading=\"lazy\" referrerpolicy=\"no-referrer-when-downgrade\"><\/iframe>\n<\/div>\n<\/div>\n\n\n\n<div class=\"wp-block-columns is-layout-flex wp-container-core-columns-is-layout-9d6595d7 wp-block-columns-is-layout-flex\">\n<div class=\"wp-block-column is-layout-flow wp-block-column-is-layout-flow\">\n<h2 class=\"wp-block-heading\">Sprzeda\u017c<\/h2>\n\n\n\n<p><a href=\"mailto:sprzedaz@lukpol.com.pl\">sprzedaz@lukpol.com.pl<\/a>  <\/p>\n\n\n\n<p><strong>Agnieszka \u0141askarzewska:<\/strong><br>tel: 25 797 25 23 wew. 235<br>tel. 690 810 036<br><a href=\"mailto:agnieszka.laskarzewska@lukpol.com.pl\">agnieszka.laskarzewska@lukpol.com.pl<\/a><\/p>\n\n\n\n<p><strong>Anna \u015awider<\/strong><br>tel: 25 797 25 23 wew. 234<br>tel:690 810 029<br><a href=\"mailto:anna.swider@fagum.pl\">anna.swider@fagum.pl<\/a><\/p>\n\n\n\n<h2 class=\"wp-block-heading\">Eksport<\/h2>\n\n\n\n<p>tel: 25 797 25 23 wew. 132<br>kom: (+48) 690 810 107<br><a href=\"mailto:export@fagum.pl\">export@fagum.pl<\/a><\/p>\n\n\n\n<h2 class=\"wp-block-heading\">Zarz\u0105d \/ Sekretariat<\/h2>\n\n\n\n<p>tel: 25 797 25 23 , wew. 223<br>fax: 25 798 98 11<br><a href=\"mailto:kadry@lukpol.com.pl\">kadry@lukpol.com.pl<\/a><\/p>\n\n\n\n<h2 class=\"wp-block-heading\">Zaopatrzenie<\/h2>\n\n\n\n<p>tel: 25 798 83 81, wew. 155<br>fax: 25 798 83 81<br><a href=\"mailto:zaopatrzenie@lukpol.com.pl\">zaopatrzenie@lukpol.com.p<\/a>l<\/p>\n<\/div>\n\n\n\n<div class=\"wp-block-column is-layout-flow wp-block-column-is-layout-flow\">\n<h2 class=\"wp-block-heading\">Ksi\u0119gowo\u015b\u0107<\/h2>\n\n\n\n<p>tel: 25 798 98 11, wew. 124<br>fax: 25 798 98 11<br><a href=\"mailto:ksiegowosc@lukpol.com.pl\">ksiegowosc@lukpol.com.pl<\/a><\/p>\n\n\n\n<h2 class=\"wp-block-heading\">Kadry i p\u0142ace<\/h2>\n\n\n\n<p>tel: 25 797 25 23 wew. 223<br><a href=\"mailto:kadry@lukpol.com.pl\">kadry@lukpol.com.pl<\/a><\/p>\n\n\n\n<h2 class=\"wp-block-heading\">Przetargi<\/h2>\n\n\n\n<p>tel: 25 797 25 23 wew. 235<br>tel. 690 810 036<\/p>\n\n\n\n<h2 class=\"wp-block-heading\">Marketing<\/h2>\n\n\n\n<p>tel: 576 411 222<br><a href=\"mailto:marketing@lukpol.com.pl\">marketing@lukpol.com.pl<\/a><\/p>\n\n\n\n<p><\/p>\n<\/div>\n<\/div>\n","protected":false},"excerpt":{"rendered":"<p>Przedsi\u0119biorstwo Produkcyjno Handlowe Us\u0142ugowe \u0141ukpol Sp. z o.o. 21-400 \u0141uk\u00f3w ul. \u0141apiguz 10425 797 25 23sprzedaz@lukpol.com.plNIP: 825 000 40 26 Lokalizacja magazynu Sprzeda\u017c sprzedaz@lukpol.com.pl Agnieszka \u0141askarzewska:tel: 25 797 25 23 wew. 235tel. 690 810 036agnieszka.laskarzewska@lukpol.com.pl Anna \u015awidertel: 25 797 25 [&hellip;]<\/p>\n","protected":false},"author":1,"featured_media":0,"parent":0,"menu_order":0,"comment_status":"closed","ping_status":"closed","template":"","meta":{"footnotes":""},"class_list":["post-28","page","type-page","status-publish","hentry","clearfix"],"_links":{"self":[{"href":"https:\/\/lukpol.com.pl\/index.php?rest_route=\/wp\/v2\/pages\/28","targetHints":{"allow":["GET"]}}],"collection":[{"href":"https:\/\/lukpol.com.pl\/index.php?rest_route=\/wp\/v2\/pages"}],"about":[{"href":"https:\/\/lukpol.com.pl\/index.php?rest_route=\/wp\/v2\/types\/page"}],"author":[{"embeddable":true,"href":"https:\/\/lukpol.com.pl\/index.php?rest_route=\/wp\/v2\/users\/1"}],"replies":[{"embeddable":true,"href":"https:\/\/lukpol.com.pl\/index.php?rest_route=%2Fwp%2Fv2%2Fcomments&post=28"}],"version-history":[{"count":32,"href":"https:\/\/lukpol.com.pl\/index.php?rest_route=\/wp\/v2\/pages\/28\/revisions"}],"predecessor-version":[{"id":314,"href":"https:\/\/lukpol.com.pl\/index.php?rest_route=\/wp\/v2\/pages\/28\/revisions\/314"}],"wp:attachment":[{"href":"https:\/\/lukpol.com.pl\/index.php?rest_route=%2Fwp%2Fv2%2Fmedia&parent=28"}],"curies":[{"name":"wp","href":"https:\/\/api.w.org\/{rel}","templated":true}]}}